remainder when 5541 is divided by 5538?
3
Calculate the remainder when 6259945 is divided by 49.
48
Calculate the remainder when 3818 is divided by 1902.
14
What is the remainder when 812089 is divided by 578?
577
Calculate the remainder when 1499909 is divided by 1732.
1729
Calculate the remainder when 25677 is divided by 116.
41
What is the remainder when 7054 is divided by 499?
68
What is the remainder when 312018 is divided by 39002?
2
Calculate the remainder when 53710 is divided by 55.
30
Calculate the remainder when 4655 is divided by 1074.
359
What is the remainder when 15632 is divided by 1641?
863
Calculate the remainder when 4103 is divided by 601.
497
Calculate the remainder when 171587 is divided by 712.
707
What is the remainder when 953854 is divided by 768?
766
Calculate the remainder when 11067 is divided by 114.
9
What is the remainder when 1396405 is divided by 2507?
6
Calculate the remainder when 139070 is divided by 41.
39
What is the remainder when 145168 is divided by 48385?
13
What is the remainder when 161174 is divided by 2686?
14
What is the remainder when 287481 is divided by 7187?
1
What is the remainder when 3641 is divided by 114?
107
Calculate the remainder when 8731197 is divided by 16.
13
What is the remainder when 652527 is divided by 34?
33
What is the remainder when 2135 is divided by 53?
15
What is the remainder when 4428189 is divided by 1912?
1909
Calculate the remainder when 70518 is divided by 74.
70
What is the remainder when 1537 is divided by 195?
172
Calculate the remainder when 2858 is divided by 316.
14
What is the remainder when 3844 is divided by 1625?
594
What is the remainder when 11694 is divided by 1298?
12
What is the remainder when 303585 is divided by 89?
6
What is the remainder when 1290211 is divided by 77?
76
What is the remainder when 6878 is divided by 74?
70
Calculate the remainder when 40174 is divided by 6695.
4
What is the remainder when 524890 is divided by 74983?
9
What is the remainder when 43923 is divided by 152?
147
Calculate the remainder when 72349 is divided by 115.
14
What is the remainder when 269358 is divided by 370?
368
What is the remainder when 20216 is divided by 27?
20
Calculate the remainder when 5649 is divided by 872.
417
Calculate the remainder when 240 is divided by 164.
76
What is the remainder when 100955 is divided by 22?
19
What is the remainder when 4007 is divided by 114?
17
What is the remainder when 2509 is divided by 1247?
15
What is the remainder when 208 is divided by 79?
50
Calculate the remainder when 67948 is divided by 13.
10
What is the remainder when 2779 is divided by 221?
127
What is the remainder when 5416 is divided by 1009?
371
What is the remainder when 1771336 is divided by 303?
301
Calculate the remainder when 4125 is divided by 2034.
57
What is the remainder when 1065253 is divided by 10547?
6
Calculate the remainder when 147275 is divided by 1416.
11
What is the remainder when 26520 is divided by 93?
15
Calculate the remainder when 615947 is divided by 615940.
7
What is the remainder when 4899 is divided by 1026?
795
What is the remainder when 9978 is divided by 1905?
453
What is the remainder when 2679 is divided by 873?
60
Calculate the remainder when 18757 is divided by 29.
23
Calculate the remainder when 4843 is divided by 19.
17
What is the remainder when 1302 is divided by 33?
15
What is the remainder when 104413 is divided by 347?
313
What is the remainder when 691789 is divided by 29?
23
What is the remainder when 17018 is divided by 74?
72
Calculate the remainder when 181053 is divided by 12.
9
Calculate the remainder when 15325 is divided by 7501.
323
Calculate the remainder when 38853 is divided by 427.
423
What is the remainder when 2304769 is divided by 54?
49
What is the remainder when 63942 is divided by 29?
26
What is the remainder when 325 is divided by 4?
1
What is the remainder when 1008248 is divided by 13?
7
Calculate the remainder when 36935 is divided by 24.
23
What is the remainder when 932884 is divided by 6?
4
What is the remainder when 74711 is divided by 10670?
21
Calculate the remainder when 63236 is divided by 51.
47
What is the remainder when 1393 is divided by 154?
7
What is the remainder when 825120 is divided by 80?
0
What is the remainder when 6801 is divided by 340?
1
Calculate the remainder when 59829 is divided by 2392.
29
What is the remainder when 27164 is divided by 389?
323
What is the remainder when 6822 is divided by 455?
452
Calculate the remainder when 28766 is divided by 1367.
59
Calculate the remainder when 12622 is divided by 207.
202
Calculate the remainder when 38307 is divided by 16.
3
What is the remainder when 8169 is divided by 353?
50
Calculate the remainder when 613 is divided by 202.
7
What is the remainder when 23824 is divided by 81?
10
What is the remainder when 524963 is divided by 6?
5
What is the remainder when 709 is divided by 6?
1
Calculate the remainder when 566 is divided by 185.
11
Calculate the remainder when 6207199 is divided by 11.
9
Calculate the remainder when 67502 is divided by 323.
318
Calculate the remainder when 5975 is divided by 353.
327
What is the remainder when 12570 is divided by 5?
0
Calculate the remainder when 1528 is divided by 154.
142
Calculate the remainder when 2322305 is divided by 439.
434
Calculate the remainder when 207810 is divided by 93.
48
What is the remainder when 54291 is divided by 277?
276
What is the remainder when 409878 is divided by 20?
18
What is the remainder when 3287 is divided by 2792?
495
Calculate the remainder when 2405083 is divided by 801686.
25
What is the remainder when 10200 is divided by 3111?
867
Calculate the remainder when 25807 is divided by 35.
12
Calculate the remainder when 31807 is divided by 1327.
1286
Calculate the remainder when 4313 is divided by 2150.
13
What is the remainder when 10579 is divided by 589?
566
What is the remainder when 374177 is divided by 42?
41
Calculate the remainder when 5520 is divided by 1370.
40
What is the remainder when 22131 is divided by 22083?
48
Calculate the remainder when 1024983 is divided by 21.
15
Calculate the remainder when 3661 is divided by 985.
706
Calculate the remainder when 11596 is divided by 11475.
121
Calculate the remainder when 81785 is divided by 40890.
5
What is the remainder when 104497 is divided by 14927?
8
Calculate the remainder when 237 is divided by 101.
35
Calculate the remainder when 10360 is divided by 415.
400
Calculate the remainder when 102365 is divided by 1735.
0
Calculate the remainder when 3791 is divided by 261.
137
Calculate the remainder when 5852 is divided by 101.
95
Calculate the remainder when 32040 is divided by 95.
25
Calculate the remainder when 5126 is divided by 172.
138
What is the remainder when 869060 is divided by 24830?
10
Calculate the remainder when 1041 is divided by 144.
33
What is the remainder when 7573 is divided by 1492?
113
What is the remainder when 927 is divided by 82?
25
Calculate the remainder when 142301 is divided by 294.
5
Calculate the remainder when 139124 is divided by 21.
20
Calculate the remainder when 4079 is divided by 2037.
5
Calculate the remainder when 1556 is divided by 75.
56
Calculate the remainder when 14238 is divided by 34.
26
What is the remainder when 28277 is divided by 46?
33
Calculate the remainder when 4185 is divided by 1153.
726
What is the remainder when 170227 is divided by 145?
142
What is the remainder when 2980 is divided by 1458?
64
What is the remainder when 1105956 is divided by 47?
46
Calculate the remainder when 1256 is divided by 7.
3
Calculate the remainder when 55656 is divided by 304.
24
What is the remainder when 13787 is divided by 953?
445
Calculate the remainder when 9295 is divided by 133.
118
Calculate the remainder when 103991 is divided by 3058.
19
Calculate the remainder when 1543518 is divided by 439.
433
Calculate the remainder when 9824 is divided by 68.
32
Calculate the remainder when 35310 is divided by 39.
15
What is the remainder when 822008 is divided by 13?
5
Calculate the remainder when 3427 is divided by 158.
109
What is the remainder when 39459 is divided by 262?
159
Calculate the remainder when 484976 is divided by 829.
11
Calcula